{"id":10,"date":"2023-04-15T20:50:34","date_gmt":"2023-04-15T20:50:34","guid":{"rendered":"https:\/\/artebotanicabrasil.com.br\/?page_id=10"},"modified":"2024-06-12T15:39:59","modified_gmt":"2024-06-12T18:39:59","slug":"comissao-brasileira","status":"publish","type":"page","link":"https:\/\/artebotanicabrasil.com.br\/index.php\/comissao-brasileira\/","title":{"rendered":"Comit\u00ea Gestor &#8211; Brasil"},"content":{"rendered":"\t\t<div data-elementor-type=\"wp-page\" data-elementor-id=\"10\" class=\"elementor elementor-10\">\n\t\t\t\t\t\t<section class=\"elementor-section elementor-top-section elementor-element elementor-element-095f1c1 elementor-section-content-top elementor-section-boxed elementor-section-height-default elementor-section-height-default\" data-id=\"095f1c1\" data-element_type=\"section\">\n\t\t\t\t\t\t<div class=\"elementor-container elementor-column-gap-default\">\n\t\t\t\t\t<div class=\"elementor-column elementor-col-100 elementor-top-column elementor-element elementor-element-ad4319a\" data-id=\"ad4319a\" data-element_type=\"column\">\n\t\t\t<div class=\"elementor-widget-wrap elementor-element-populated\">\n\t\t\t\t\t\t<section class=\"elementor-section elementor-inner-section elementor-element elementor-element-b1f8a59 elementor-section-content-bottom elementor-section-boxed elementor-section-height-default elementor-section-height-default\" data-id=\"b1f8a59\" data-element_type=\"section\">\n\t\t\t\t\t\t<div class=\"elementor-container elementor-column-gap-default\">\n\t\t\t\t\t<div class=\"elementor-column elementor-col-50 elementor-inner-column elementor-element elementor-element-31ecfaa\" data-id=\"31ecfaa\" data-element_type=\"column\">\n\t\t\t<div class=\"elementor-widget-wrap elementor-element-populated\">\n\t\t\t\t\t\t<div class=\"elementor-element elementor-element-536c376 elementor-widget elementor-widget-image\" data-id=\"536c376\" data-element_type=\"widget\" data-widget_type=\"image.default\">\n\t\t\t\t<div class=\"elementor-widget-container\">\n\t\t\t\t\t\t\t\t\t\t\t\t\t\t\t<img fetchpriority=\"high\" decoding=\"async\" width=\"900\" height=\"1024\" src=\"https:\/\/artebotanicabrasil.com.br\/wp-content\/uploads\/2024\/04\/MariaAlice-900x1024-1.jpg\" class=\"attachment-large size-large wp-image-49\" alt=\"Maria Alice\" srcset=\"https:\/\/artebotanicabrasil.com.br\/wp-content\/uploads\/2024\/04\/MariaAlice-900x1024-1.jpg 900w, https:\/\/artebotanicabrasil.com.br\/wp-content\/uploads\/2024\/04\/MariaAlice-900x1024-1-264x300.jpg 264w, https:\/\/artebotanicabrasil.com.br\/wp-content\/uploads\/2024\/04\/MariaAlice-900x1024-1-768x874.jpg 768w, https:\/\/artebotanicabrasil.com.br\/wp-content\/uploads\/2024\/04\/MariaAlice-900x1024-1-570x649.jpg 570w\" sizes=\"(max-width: 900px) 100vw, 900px\" \/>\t\t\t\t\t\t\t\t\t\t\t\t\t\t\t<\/div>\n\t\t\t\t<\/div>\n\t\t\t\t\t<\/div>\n\t\t<\/div>\n\t\t\t\t<div class=\"elementor-column elementor-col-50 elementor-inner-column elementor-element elementor-element-22190dc\" data-id=\"22190dc\" data-element_type=\"column\">\n\t\t\t<div class=\"elementor-widget-wrap elementor-element-populated\">\n\t\t\t\t\t\t<div class=\"elementor-element elementor-element-7ec50c3 elementor-widget__width-initial elementor-widget elementor-widget-text-editor\" data-id=\"7ec50c3\" data-element_type=\"widget\" data-widget_type=\"text-editor.default\">\n\t\t\t\t<div class=\"elementor-widget-container\">\n\t\t\t\t\t\t\t\t\t<p><strong>Maria Alice de Rezende<br \/><\/strong><a style=\"font-family: var( --e-global-typography-text-font-family ), Sans-serif; font-weight: var( --e-global-typography-text-font-weight ); font-size: 1.2em; text-align: inherit;\" href=\"http:\/\/malicerezende.wix.com\/ilustralice\" target=\"_blank\" rel=\"noopener\"><span style=\"font-family: 'Times New Roman', serif; font-size: 18.6667px; text-align: justify;\">malicerezende.wix.com\/ilustralice<\/span><\/a><\/p><p>Formada em Artes Pl\u00e1sticas pela Escola Nacional de Belas Artes (UFRJ) e em Ilustra\u00e7\u00e3o Bot\u00e2nica pela Escola Nacional de Bot\u00e2nica Tropical (ENBT\/JBRJ), e mestrado em Bot\u00e2nica (ENBT\/JBRJ).<\/p><p>Aperfei\u00e7oamento em ilustra\u00e7\u00e3o no <i>Royal Botanic Gardens Kew\u00a0<\/i>Londres, com a bolsa art\u00edstica da Funda\u00e7\u00e3o Bot\u00e2nica Margaret Mee &#8211; 2004.\u00a0\u00a0<\/p><p>Ganhadora do ASBA Anne Ophelia Grant 2009, <i>First Enviromental Grant ASBA<\/i> 2022 e <i>Jill Smithies Award <\/i>da L<i>innean Society<\/i>, 2024.<\/p><p>Com trabalhos publicados em livros e revistas no Brasil e exterior<\/p><p>Possui obras em cole\u00e7\u00f5es como: <i>Hunt Institute for Botanical Documentation<\/i>, <i>Shirley Sherwood Collection<\/i>, <i>New York State Museum<\/i>, <i>Royal Botanic Garden Edinbrugh Florilegium<\/i>, <i>Grootbos Florilegium<\/i>, <i>The Hannarie<\/i> <i>Wenhold Botanical Art Gallery <\/i>e <i>Oak Spring Garden Foundation<\/i>.<\/p><p>Instagram: mariaalice.rezende<\/p>\t\t\t\t\t\t\t\t<\/div>\n\t\t\t\t<\/div>\n\t\t\t\t\t<\/div>\n\t\t<\/div>\n\t\t\t\t\t<\/div>\n\t\t<\/section>\n\t\t\t\t<section class=\"elementor-section elementor-inner-section elementor-element elementor-element-29afa10 elementor-section-boxed elementor-section-height-default elementor-section-height-default\" data-id=\"29afa10\" data-element_type=\"section\">\n\t\t\t\t\t\t<div class=\"elementor-container elementor-column-gap-default\">\n\t\t\t\t\t<div class=\"elementor-column elementor-col-50 elementor-inner-column elementor-element elementor-element-5d6a451\" data-id=\"5d6a451\" data-element_type=\"column\">\n\t\t\t<div class=\"elementor-widget-wrap elementor-element-populated\">\n\t\t\t\t\t\t<div class=\"elementor-element elementor-element-07b9369 elementor-widget elementor-widget-image\" data-id=\"07b9369\" data-element_type=\"widget\" data-widget_type=\"image.default\">\n\t\t\t\t<div class=\"elementor-widget-container\">\n\t\t\t\t\t\t\t\t\t\t\t\t\t\t\t<img decoding=\"async\" width=\"900\" height=\"1024\" src=\"https:\/\/artebotanicabrasil.com.br\/wp-content\/uploads\/2024\/04\/Fatima_comite.jpg\" class=\"attachment-large size-large wp-image-93\" alt=\"Fatima Zagonel\" srcset=\"https:\/\/artebotanicabrasil.com.br\/wp-content\/uploads\/2024\/04\/Fatima_comite.jpg 900w, https:\/\/artebotanicabrasil.com.br\/wp-content\/uploads\/2024\/04\/Fatima_comite-264x300.jpg 264w, https:\/\/artebotanicabrasil.com.br\/wp-content\/uploads\/2024\/04\/Fatima_comite-768x874.jpg 768w, https:\/\/artebotanicabrasil.com.br\/wp-content\/uploads\/2024\/04\/Fatima_comite-570x649.jpg 570w\" sizes=\"(max-width: 900px) 100vw, 900px\" \/>\t\t\t\t\t\t\t\t\t\t\t\t\t\t\t<\/div>\n\t\t\t\t<\/div>\n\t\t\t\t\t<\/div>\n\t\t<\/div>\n\t\t\t\t<div class=\"elementor-column elementor-col-50 elementor-inner-column elementor-element elementor-element-8778438\" data-id=\"8778438\" data-element_type=\"column\">\n\t\t\t<div class=\"elementor-widget-wrap elementor-element-populated\">\n\t\t\t\t\t\t<div class=\"elementor-element elementor-element-4e17e66 elementor-widget elementor-widget-text-editor\" data-id=\"4e17e66\" data-element_type=\"widget\" data-widget_type=\"text-editor.default\">\n\t\t\t\t<div class=\"elementor-widget-container\">\n\t\t\t\t\t\t\t\t\t<p><strong>F\u00e1tima Zagonel<br \/><\/strong><a style=\"font-family: var( --e-global-typography-text-font-family ), Sans-serif; font-weight: var( --e-global-typography-text-font-weight ); font-size: 1.2em; text-align: inherit;\" href=\"http:\/\/www.fatimazagonel.com.br\/\" target=\"_blank\" rel=\"noopener\"><span style=\"font-size: 12.0pt;\">www.fatimazagonel.com.br<\/span><\/a><\/p><p>Nascida em Canoinhas\/SC em 1954, teve sua forma\u00e7\u00e3o b\u00e1sica e secund\u00e1ria em Curitiba\/PR.<\/p><p>Em 1976 graduou-se em Letras Portugu\u00eas\/Ingl\u00eas pela PUC-PR e em 1993 p\u00f3s graduou-se em Marketing\/Publicidade e Propaganda pela FAE-PR.<\/p><p>Trabalhou como Artista Gr\u00e1fica por 20 anos antes de se interessar pela ilustra\u00e7\u00e3o cient\u00edfica.<\/p><p>Em1998 fez um curso de inicia\u00e7\u00e3o \u00e0 Ilustra\u00e7\u00e3o Bot\u00e2nica com Diana Carneiro no Museu Bot\u00e2nico Municipal no Jardim Bot\u00e2nico de Curitiba.<\/p><p>Em 1999 recebeu a Bolsa Art\u00edstica da Funda\u00e7\u00e3o Bot\u00e2nica Margaret Mee\/RJ, especializando-se por seis meses no <em>Royal Botanic Gardens<\/em> \u2013 <em>Kew<\/em> em Londres, sob a orienta\u00e7\u00e3o de Christabel King.\u00a0\u00a0\u00a0\u00a0\u00a0\u00a0\u00a0\u00a0\u00a0<\/p><p>Hoje se dedica principalmente \u00e0 ilustra\u00e7\u00e3o cient\u00edfica, sem deixar de lado o seu aspecto comercial.<\/p><p>\u00c9 s\u00f3cia fundadora e docente do Centro de Ilustra\u00e7\u00e3o Bot\u00e2nica do Paran\u00e1.<\/p><p>Associada da ASBA \u2013 American Society for Botanical Artists desde 2010, participa de exposi\u00e7\u00f5es e ministra cursos promovidos por esta associa\u00e7\u00e3o.<\/p><p>Suas obras fazem parte de renomadas cole\u00e7\u00f5es de Arte Bot\u00e2nica, como: <em>Royal Botanic Gardens \u2013 Kew <\/em>\u2013 Londres\/RU, <em>Shirley Sherwood Collection<\/em> \u2013 Londres\/RU, <em>Hunt Institute for Botanical Documentation<\/em> \u2013 Pittsburgh\/EUA, New York State Museum\/Focus on Nature \u2013 Albany\/USA e <em>Oak Spring Garden Foundation, Upperville\/<\/em>EUA.<\/p>\t\t\t\t\t\t\t\t<\/div>\n\t\t\t\t<\/div>\n\t\t\t\t\t<\/div>\n\t\t<\/div>\n\t\t\t\t\t<\/div>\n\t\t<\/section>\n\t\t\t\t<section class=\"elementor-section elementor-inner-section elementor-element elementor-element-dbe52b9 elementor-section-boxed elementor-section-height-default elementor-section-height-default\" data-id=\"dbe52b9\" data-element_type=\"section\">\n\t\t\t\t\t\t<div class=\"elementor-container elementor-column-gap-default\">\n\t\t\t\t\t<div class=\"elementor-column elementor-col-50 elementor-inner-column elementor-element elementor-element-0072257\" data-id=\"0072257\" data-element_type=\"column\">\n\t\t\t<div class=\"elementor-widget-wrap elementor-element-populated\">\n\t\t\t\t\t\t<div class=\"elementor-element elementor-element-8a8d0d6 elementor-widget elementor-widget-image\" data-id=\"8a8d0d6\" data-element_type=\"widget\" data-widget_type=\"image.default\">\n\t\t\t\t<div class=\"elementor-widget-container\">\n\t\t\t\t\t\t\t\t\t\t\t\t\t\t\t<img decoding=\"async\" width=\"990\" height=\"1024\" src=\"https:\/\/artebotanicabrasil.com.br\/wp-content\/uploads\/2024\/04\/Italy2024.jpg\" class=\"attachment-large size-large wp-image-44\" alt=\"Marcos Ferraz\" srcset=\"https:\/\/artebotanicabrasil.com.br\/wp-content\/uploads\/2024\/04\/Italy2024.jpg 990w, https:\/\/artebotanicabrasil.com.br\/wp-content\/uploads\/2024\/04\/Italy2024-290x300.jpg 290w, https:\/\/artebotanicabrasil.com.br\/wp-content\/uploads\/2024\/04\/Italy2024-768x794.jpg 768w, https:\/\/artebotanicabrasil.com.br\/wp-content\/uploads\/2024\/04\/Italy2024-570x590.jpg 570w\" sizes=\"(max-width: 990px) 100vw, 990px\" \/>\t\t\t\t\t\t\t\t\t\t\t\t\t\t\t<\/div>\n\t\t\t\t<\/div>\n\t\t\t\t\t<\/div>\n\t\t<\/div>\n\t\t\t\t<div class=\"elementor-column elementor-col-50 elementor-inner-column elementor-element elementor-element-36151b8\" data-id=\"36151b8\" data-element_type=\"column\">\n\t\t\t<div class=\"elementor-widget-wrap elementor-element-populated\">\n\t\t\t\t\t\t<div class=\"elementor-element elementor-element-08c78f0 elementor-widget elementor-widget-text-editor\" data-id=\"08c78f0\" data-element_type=\"widget\" data-widget_type=\"text-editor.default\">\n\t\t\t\t<div class=\"elementor-widget-container\">\n\t\t\t\t\t\t\t\t\t<p><strong>Marcos Ant\u00f4nio S. Silva Ferraz<\/strong><br \/><a href=\"http:\/\/www.marcosilvaferraz.com.br\" target=\"_blank\" rel=\"noopener\">www.marcosilvaferraz.com.br<\/a><\/p><p>Nascido em S\u00e3o Jos\u00e9 do Rio Preto\/ SP em 1963, reside em Bras\u00edlia desde 1980.<\/p><p>Em 1984 graduou-se em Ci\u00eancias Biol\u00f3gicas pela Universidade de Bras\u00edlia, onde tamb\u00e9m cursou o mestrado, obtendo o t\u00edtulo de Mestre em Biologia Molecular em 1988.<\/p><p>Entre 1988 e 1994, morou na Alemanha onde realizou seu doutorado na <i>Universit\u00e4t Stuttgart <\/i>e<i> Max-Planck Institut, Martinsried bei M\u00fcnchen<\/i>, na \u00e1rea de Imunologia Molecular.<\/p><p>Foi durante este per\u00edodo na Alemanha que se iniciou na Ilustra\u00e7\u00e3o Bot\u00e2nica. Ao voltar para o Brasil, em 1994, participou de um curso de extens\u00e3o em Ilustra\u00e7\u00e3o Bot\u00e2nica com \u00c1lvaro Nunes na UnB. Em 2003 teve a grande oportunidade de realizar um curso sobre a pintura de aves no atelier de Etienne Demonte em Petr\u00f3polis.<\/p><p>Em 2001 foi bolsista de Funda\u00e7\u00e3o Bot\u00e2nica Margaret Mee, tendo se especializado em Ilustra\u00e7\u00e3o Bot\u00e2nica, sob orienta\u00e7\u00e3o de Christabel King, no <i>Royal Botanic Gardens, Kew<\/i>, em Londres.<\/p><p>Atualmente \u00e9 professor titular na Universidade de Bras\u00edlia, onde em 1999, criou e ainda coordena o N\u00facleo de Ilustra\u00e7\u00e3o Cient\u00edfica no Instituto de Ci\u00eancias Biol\u00f3gicas, o primeiro deste g\u00eanero no Brasil.<\/p><p>\u00c9 membro associado da ASBA \u2013 <i>American Society of Botanical Artists<\/i>, desde 2009<\/p><p>Possui obras em prestigiadas cole\u00e7\u00f5es p\u00fablicas e particulares no Brasil, Inglaterra, Estados Unidos, Alemanha, \u00c1frica do Sul e Holanda.\u00a0<\/p>\t\t\t\t\t\t\t\t<\/div>\n\t\t\t\t<\/div>\n\t\t\t\t\t<\/div>\n\t\t<\/div>\n\t\t\t\t\t<\/div>\n\t\t<\/section>\n\t\t\t\t\t<\/div>\n\t\t<\/div>\n\t\t\t\t\t<\/div>\n\t\t<\/section>\n\t\t\t\t<\/div>\n\t\t","protected":false},"excerpt":{"rendered":"<p>Maria Alice de Rezendemalicerezende.wix.com\/ilustralice Formada em Artes Pl\u00e1sticas pela Escola Nacional de Belas Artes (UFRJ) e em Ilustra\u00e7\u00e3o Bot\u00e2nica pela Escola Nacional de Bot\u00e2nica Tropical (ENBT\/JBRJ), e mestrado em Bot\u00e2nica (ENBT\/JBRJ). Aperfei\u00e7oamento em ilustra\u00e7\u00e3o no Royal Botanic Gardens Kew\u00a0Londres, com a bolsa art\u00edstica da Funda\u00e7\u00e3o Bot\u00e2nica Margaret Mee &#8211; 2004.\u00a0\u00a0 Ganhadora do ASBA Anne Ophelia [&hellip;]<\/p>\n","protected":false},"author":1,"featured_media":0,"parent":0,"menu_order":0,"comment_status":"closed","ping_status":"closed","template":"","meta":{"footnotes":""},"class_list":["post-10","page","type-page","status-publish","czr-hentry"],"_links":{"self":[{"href":"https:\/\/artebotanicabrasil.com.br\/index.php\/wp-json\/wp\/v2\/pages\/10","targetHints":{"allow":["GET"]}}],"collection":[{"href":"https:\/\/artebotanicabrasil.com.br\/index.php\/wp-json\/wp\/v2\/pages"}],"about":[{"href":"https:\/\/artebotanicabrasil.com.br\/index.php\/wp-json\/wp\/v2\/types\/page"}],"author":[{"embeddable":true,"href":"https:\/\/artebotanicabrasil.com.br\/index.php\/wp-json\/wp\/v2\/users\/1"}],"replies":[{"embeddable":true,"href":"https:\/\/artebotanicabrasil.com.br\/index.php\/wp-json\/wp\/v2\/comments?post=10"}],"version-history":[{"count":42,"href":"https:\/\/artebotanicabrasil.com.br\/index.php\/wp-json\/wp\/v2\/pages\/10\/revisions"}],"predecessor-version":[{"id":263,"href":"https:\/\/artebotanicabrasil.com.br\/index.php\/wp-json\/wp\/v2\/pages\/10\/revisions\/263"}],"wp:attachment":[{"href":"https:\/\/artebotanicabrasil.com.br\/index.php\/wp-json\/wp\/v2\/media?parent=10"}],"curies":[{"name":"wp","href":"https:\/\/api.w.org\/{rel}","templated":true}]}}