{"id":117,"date":"2024-04-29T16:13:56","date_gmt":"2024-04-29T19:13:56","guid":{"rendered":"https:\/\/artebotanicabrasil.com.br\/?page_id=117"},"modified":"2025-05-08T17:46:45","modified_gmt":"2025-05-08T20:46:45","slug":"exposicao","status":"publish","type":"page","link":"https:\/\/artebotanicabrasil.com.br\/index.php\/exposicao\/","title":{"rendered":"Exposi\u00e7\u00e3o"},"content":{"rendered":"\t\t<div data-elementor-type=\"wp-page\" data-elementor-id=\"117\" class=\"elementor elementor-117\">\n\t\t\t\t\t\t<section class=\"elementor-section elementor-top-section elementor-element elementor-element-b25c38a elementor-section-boxed elementor-section-height-default elementor-section-height-default\" data-id=\"b25c38a\" data-element_type=\"section\">\n\t\t\t\t\t\t<div class=\"elementor-container elementor-column-gap-default\">\n\t\t\t\t\t<div class=\"elementor-column elementor-col-100 elementor-top-column elementor-element elementor-element-4bd0cc5\" data-id=\"4bd0cc5\" data-element_type=\"column\">\n\t\t\t<div class=\"elementor-widget-wrap elementor-element-populated\">\n\t\t\t\t\t\t<div class=\"elementor-element elementor-element-2454c4b elementor-widget__width-initial elementor-widget elementor-widget-image\" data-id=\"2454c4b\" data-element_type=\"widget\" data-widget_type=\"image.default\">\n\t\t\t\t<div class=\"elementor-widget-container\">\n\t\t\t\t\t\t\t\t\t\t\t\t\t\t\t<img fetchpriority=\"high\" decoding=\"async\" width=\"1024\" height=\"167\" src=\"https:\/\/artebotanicabrasil.com.br\/wp-content\/uploads\/2024\/05\/ONE_LINE_COLOR-1024x167.png\" class=\"attachment-large size-large wp-image-140\" alt=\"Logo linear\" srcset=\"https:\/\/artebotanicabrasil.com.br\/wp-content\/uploads\/2024\/05\/ONE_LINE_COLOR-1024x167.png 1024w, https:\/\/artebotanicabrasil.com.br\/wp-content\/uploads\/2024\/05\/ONE_LINE_COLOR-300x49.png 300w, https:\/\/artebotanicabrasil.com.br\/wp-content\/uploads\/2024\/05\/ONE_LINE_COLOR-768x125.png 768w, https:\/\/artebotanicabrasil.com.br\/wp-content\/uploads\/2024\/05\/ONE_LINE_COLOR-570x93.png 570w, https:\/\/artebotanicabrasil.com.br\/wp-content\/uploads\/2024\/05\/ONE_LINE_COLOR.png 1190w\" sizes=\"(max-width: 1024px) 100vw, 1024px\" \/>\t\t\t\t\t\t\t\t\t\t\t\t\t\t\t<\/div>\n\t\t\t\t<\/div>\n\t\t\t\t\t<\/div>\n\t\t<\/div>\n\t\t\t\t\t<\/div>\n\t\t<\/section>\n\t\t\t\t<section class=\"elementor-section elementor-top-section elementor-element elementor-element-654e6e35 elementor-section-boxed elementor-section-height-default elementor-section-height-default\" data-id=\"654e6e35\" data-element_type=\"section\">\n\t\t\t\t\t\t<div class=\"elementor-container elementor-column-gap-default\">\n\t\t\t\t\t<div class=\"elementor-column elementor-col-100 elementor-top-column elementor-element elementor-element-76a2a76\" data-id=\"76a2a76\" data-element_type=\"column\">\n\t\t\t<div class=\"elementor-widget-wrap elementor-element-populated\">\n\t\t\t\t\t\t<div class=\"elementor-element elementor-element-48ee79ed elementor-widget__width-initial elementor-widget elementor-widget-text-editor\" data-id=\"48ee79ed\" data-element_type=\"widget\" data-widget_type=\"text-editor.default\">\n\t\t\t\t<div class=\"elementor-widget-container\">\n\t\t\t\t\t\t\t\t\t<p><\/p>\n<p>A exposi\u00e7\u00e3o no Brasil ocorrer\u00e1 no Centro Cultural Casa Thomas Jefferson, em Bras\u00edlia.\u00a0<\/p>\n<p>A Casa Thomas Jefferson \u00e9 um Centro Cultural Binacional reconhecido pela excel\u00eancia em sua \u00e1rea de atua\u00e7\u00e3o. Foi inaugurado em Bras\u00edlia em 1963 e apoia atividades de cunho cultural desde ent\u00e3o.\u00a0<\/p>\n<p>Mais informa\u00e7\u00f5es podem ser encontradas em:\u00a0<a href=\"https:\/\/thomas.org.br\">https:\/\/thomas.org.br<\/a><\/p>\n<p>A Galeria \u00e9 um espa\u00e7o perfeito para exposi\u00e7\u00f5es, com \u00f3tima ilumina\u00e7\u00e3o e infraestrutura expositiva.\u00a0<\/p>\n<p><\/p>\n<p><\/p>\n<p><\/p>\t\t\t\t\t\t\t\t<\/div>\n\t\t\t\t<\/div>\n\t\t\t\t\t<\/div>\n\t\t<\/div>\n\t\t\t\t\t<\/div>\n\t\t<\/section>\n\t\t\t\t<section class=\"elementor-section elementor-top-section elementor-element elementor-element-565b6c9 elementor-section-boxed elementor-section-height-default elementor-section-height-default\" data-id=\"565b6c9\" data-element_type=\"section\">\n\t\t\t\t\t\t<div class=\"elementor-container elementor-column-gap-default\">\n\t\t\t\t\t<div class=\"elementor-column elementor-col-50 elementor-top-column elementor-element elementor-element-9241c80\" data-id=\"9241c80\" data-element_type=\"column\">\n\t\t\t<div class=\"elementor-widget-wrap elementor-element-populated\">\n\t\t\t\t\t\t<div class=\"elementor-element elementor-element-48479f3 elementor-widget__width-initial elementor-widget elementor-widget-image\" data-id=\"48479f3\" data-element_type=\"widget\" data-widget_type=\"image.default\">\n\t\t\t\t<div class=\"elementor-widget-container\">\n\t\t\t\t\t\t\t\t\t\t\t\t\t\t\t<img decoding=\"async\" width=\"1024\" height=\"411\" src=\"https:\/\/artebotanicabrasil.com.br\/wp-content\/uploads\/2024\/05\/Galeria_exterior_web-1024x411.jpg\" class=\"attachment-large size-large wp-image-130\" alt=\"Galeria vista exterior\" srcset=\"https:\/\/artebotanicabrasil.com.br\/wp-content\/uploads\/2024\/05\/Galeria_exterior_web-1024x411.jpg 1024w, https:\/\/artebotanicabrasil.com.br\/wp-content\/uploads\/2024\/05\/Galeria_exterior_web-300x121.jpg 300w, https:\/\/artebotanicabrasil.com.br\/wp-content\/uploads\/2024\/05\/Galeria_exterior_web-768x308.jpg 768w, https:\/\/artebotanicabrasil.com.br\/wp-content\/uploads\/2024\/05\/Galeria_exterior_web-1536x617.jpg 1536w, https:\/\/artebotanicabrasil.com.br\/wp-content\/uploads\/2024\/05\/Galeria_exterior_web-2048x823.jpg 2048w, https:\/\/artebotanicabrasil.com.br\/wp-content\/uploads\/2024\/05\/Galeria_exterior_web-570x229.jpg 570w, https:\/\/artebotanicabrasil.com.br\/wp-content\/uploads\/2024\/05\/Galeria_exterior_web-1110x444.jpg 1110w\" sizes=\"(max-width: 1024px) 100vw, 1024px\" \/>\t\t\t\t\t\t\t\t\t\t\t\t\t\t\t<\/div>\n\t\t\t\t<\/div>\n\t\t\t\t\t<\/div>\n\t\t<\/div>\n\t\t\t\t<div class=\"elementor-column elementor-col-50 elementor-top-column elementor-element elementor-element-74a5de5\" data-id=\"74a5de5\" data-element_type=\"column\">\n\t\t\t<div class=\"elementor-widget-wrap elementor-element-populated\">\n\t\t\t\t\t\t<div class=\"elementor-element elementor-element-371f6d5 elementor-widget elementor-widget-image\" data-id=\"371f6d5\" data-element_type=\"widget\" data-widget_type=\"image.default\">\n\t\t\t\t<div class=\"elementor-widget-container\">\n\t\t\t\t\t\t\t\t\t\t\t\t\t\t\t<img decoding=\"async\" width=\"1024\" height=\"411\" src=\"https:\/\/artebotanicabrasil.com.br\/wp-content\/uploads\/2024\/05\/Galeria_interior_web-1-1024x411.jpg\" class=\"attachment-large size-large wp-image-132\" alt=\"Galeria vista do interior\" srcset=\"https:\/\/artebotanicabrasil.com.br\/wp-content\/uploads\/2024\/05\/Galeria_interior_web-1-1024x411.jpg 1024w, https:\/\/artebotanicabrasil.com.br\/wp-content\/uploads\/2024\/05\/Galeria_interior_web-1-300x121.jpg 300w, https:\/\/artebotanicabrasil.com.br\/wp-content\/uploads\/2024\/05\/Galeria_interior_web-1-768x308.jpg 768w, https:\/\/artebotanicabrasil.com.br\/wp-content\/uploads\/2024\/05\/Galeria_interior_web-1-1536x617.jpg 1536w, https:\/\/artebotanicabrasil.com.br\/wp-content\/uploads\/2024\/05\/Galeria_interior_web-1-2048x823.jpg 2048w, https:\/\/artebotanicabrasil.com.br\/wp-content\/uploads\/2024\/05\/Galeria_interior_web-1-570x229.jpg 570w, https:\/\/artebotanicabrasil.com.br\/wp-content\/uploads\/2024\/05\/Galeria_interior_web-1-1110x444.jpg 1110w\" sizes=\"(max-width: 1024px) 100vw, 1024px\" \/>\t\t\t\t\t\t\t\t\t\t\t\t\t\t\t<\/div>\n\t\t\t\t<\/div>\n\t\t\t\t\t<\/div>\n\t\t<\/div>\n\t\t\t\t\t<\/div>\n\t\t<\/section>\n\t\t\t\t<section class=\"elementor-section elementor-top-section elementor-element elementor-element-4bbd7dc elementor-section-boxed elementor-section-height-default elementor-section-height-default\" data-id=\"4bbd7dc\" data-element_type=\"section\">\n\t\t\t\t\t\t<div class=\"elementor-container elementor-column-gap-default\">\n\t\t\t\t\t<div class=\"elementor-column elementor-col-100 elementor-top-column elementor-element elementor-element-7b36300\" data-id=\"7b36300\" data-element_type=\"column\">\n\t\t\t<div class=\"elementor-widget-wrap elementor-element-populated\">\n\t\t\t\t\t\t<div class=\"elementor-element elementor-element-fef33ef elementor-widget elementor-widget-text-editor\" data-id=\"fef33ef\" data-element_type=\"widget\" data-widget_type=\"text-editor.default\">\n\t\t\t\t<div class=\"elementor-widget-container\">\n\t\t\t\t\t\t\t\t\t<p>A abertura ser\u00e1 no dia&nbsp;<strong>16 de maio de 2025, 18hs<\/strong>.<\/p>\n<p>A exposi\u00e7\u00e3o permanecer\u00e1 aberta ao p\u00fablico do dia&nbsp;<strong>16 de maio a 14 de junho de 2025<\/strong>.<\/p>\n<p><strong>Endere\u00e7o<\/strong>:&nbsp;SEPS 706\/906, Via W5 Sul &#8211; Asa Sul, Bras\u00edlia &#8211; DF, 70390-065<\/p>\t\t\t\t\t\t\t\t<\/div>\n\t\t\t\t<\/div>\n\t\t\t\t\t<\/div>\n\t\t<\/div>\n\t\t\t\t\t<\/div>\n\t\t<\/section>\n\t\t\t\t<\/div>\n\t\t","protected":false},"excerpt":{"rendered":"<p>A exposi\u00e7\u00e3o no Brasil ocorrer\u00e1 no Centro Cultural Casa Thomas Jefferson, em Bras\u00edlia.\u00a0 A Casa Thomas Jefferson \u00e9 um Centro Cultural Binacional reconhecido pela excel\u00eancia em sua \u00e1rea de atua\u00e7\u00e3o. Foi inaugurado em Bras\u00edlia em 1963 e apoia atividades de cunho cultural desde ent\u00e3o.\u00a0 Mais informa\u00e7\u00f5es podem ser encontradas em:\u00a0https:\/\/thomas.org.br A Galeria \u00e9 um espa\u00e7o [&hellip;]<\/p>\n","protected":false},"author":1,"featured_media":0,"parent":0,"menu_order":0,"comment_status":"closed","ping_status":"closed","template":"","meta":{"footnotes":""},"class_list":["post-117","page","type-page","status-publish","czr-hentry"],"_links":{"self":[{"href":"https:\/\/artebotanicabrasil.com.br\/index.php\/wp-json\/wp\/v2\/pages\/117","targetHints":{"allow":["GET"]}}],"collection":[{"href":"https:\/\/artebotanicabrasil.com.br\/index.php\/wp-json\/wp\/v2\/pages"}],"about":[{"href":"https:\/\/artebotanicabrasil.com.br\/index.php\/wp-json\/wp\/v2\/types\/page"}],"author":[{"embeddable":true,"href":"https:\/\/artebotanicabrasil.com.br\/index.php\/wp-json\/wp\/v2\/users\/1"}],"replies":[{"embeddable":true,"href":"https:\/\/artebotanicabrasil.com.br\/index.php\/wp-json\/wp\/v2\/comments?post=117"}],"version-history":[{"count":25,"href":"https:\/\/artebotanicabrasil.com.br\/index.php\/wp-json\/wp\/v2\/pages\/117\/revisions"}],"predecessor-version":[{"id":439,"href":"https:\/\/artebotanicabrasil.com.br\/index.php\/wp-json\/wp\/v2\/pages\/117\/revisions\/439"}],"wp:attachment":[{"href":"https:\/\/artebotanicabrasil.com.br\/index.php\/wp-json\/wp\/v2\/media?parent=117"}],"curies":[{"name":"wp","href":"https:\/\/api.w.org\/{rel}","templated":true}]}}

Exposição

<div data-elementor-type="wp-page" data-elementor-id="117" class="elementor elementor-117">
						<section class="elementor-section elementor-top-section elementor-element elementor-element-b25c38a elementor-section-boxed elementor-section-height-default elementor-section-height-default" data-id="b25c38a" data-element_type="section">
						<div class="elementor-container elementor-column-gap-default">
					<div class="elementor-column elementor-col-100 elementor-top-column elementor-element elementor-element-4bd0cc5" data-id="4bd0cc5" data-element_type="column">
			<div class="elementor-widget-wrap elementor-element-populated">
						<div class="elementor-element elementor-element-2454c4b elementor-widget__width-initial elementor-widget elementor-widget-image" data-id="2454c4b" data-element_type="widget" data-widget_type="image.default">
				<div class="elementor-widget-container">
															<img fetchpriority="high" decoding="async" width="1024" height="167" src="https://artebotanicabrasil.com.br/wp-content/uploads/2024/05/ONE_LINE_COLOR-1024x167.png" class="attachment-large size-large wp-image-140" alt="Logo linear" srcset="https://artebotanicabrasil.com.br/wp-content/uploads/2024/05/ONE_LINE_COLOR-1024x167.png 1024w, https://artebotanicabrasil.com.br/wp-content/uploads/2024/05/ONE_LINE_COLOR-300x49.png 300w, https://artebotanicabrasil.com.br/wp-content/uploads/2024/05/ONE_LINE_COLOR-768x125.png 768w, https://artebotanicabrasil.com.br/wp-content/uploads/2024/05/ONE_LINE_COLOR-570x93.png 570w, https://artebotanicabrasil.com.br/wp-content/uploads/2024/05/ONE_LINE_COLOR.png 1190w" sizes="(max-width: 1024px) 100vw, 1024px" />															</div>
				</div>
					</div>
		</div>
					</div>
		</section>
				<section class="elementor-section elementor-top-section elementor-element elementor-element-654e6e35 elementor-section-boxed elementor-section-height-default elementor-section-height-default" data-id="654e6e35" data-element_type="section">
						<div class="elementor-container elementor-column-gap-default">
					<div class="elementor-column elementor-col-100 elementor-top-column elementor-element elementor-element-76a2a76" data-id="76a2a76" data-element_type="column">
			<div class="elementor-widget-wrap elementor-element-populated">
						<div class="elementor-element elementor-element-48ee79ed elementor-widget__width-initial elementor-widget elementor-widget-text-editor" data-id="48ee79ed" data-element_type="widget" data-widget_type="text-editor.default">
				<div class="elementor-widget-container">
									<p></p>
<p>A exposição no Brasil ocorrerá no Centro Cultural Casa Thomas Jefferson, em Brasília. </p>
<p>A Casa Thomas Jefferson é um Centro Cultural Binacional reconhecido pela excelência em sua área de atuação. Foi inaugurado em Brasília em 1963 e apoia atividades de cunho cultural desde então. </p>
<p>Mais informações podem ser encontradas em: <a href="https://thomas.org.br">https://thomas.org.br</a></p>
<p>A Galeria é um espaço perfeito para exposições, com ótima iluminação e infraestrutura expositiva. </p>
<p></p>
<p></p>
<p></p>								</div>
				</div>
					</div>
		</div>
					</div>
		</section>
				<section class="elementor-section elementor-top-section elementor-element elementor-element-565b6c9 elementor-section-boxed elementor-section-height-default elementor-section-height-default" data-id="565b6c9" data-element_type="section">
						<div class="elementor-container elementor-column-gap-default">
					<div class="elementor-column elementor-col-50 elementor-top-column elementor-element elementor-element-9241c80" data-id="9241c80" data-element_type="column">
			<div class="elementor-widget-wrap elementor-element-populated">
						<div class="elementor-element elementor-element-48479f3 elementor-widget__width-initial elementor-widget elementor-widget-image" data-id="48479f3" data-element_type="widget" data-widget_type="image.default">
				<div class="elementor-widget-container">
															<img decoding="async" width="1024" height="411" src="https://artebotanicabrasil.com.br/wp-content/uploads/2024/05/Galeria_exterior_web-1024x411.jpg" class="attachment-large size-large wp-image-130" alt="Galeria vista exterior" srcset="https://artebotanicabrasil.com.br/wp-content/uploads/2024/05/Galeria_exterior_web-1024x411.jpg 1024w, https://artebotanicabrasil.com.br/wp-content/uploads/2024/05/Galeria_exterior_web-300x121.jpg 300w, https://artebotanicabrasil.com.br/wp-content/uploads/2024/05/Galeria_exterior_web-768x308.jpg 768w, https://artebotanicabrasil.com.br/wp-content/uploads/2024/05/Galeria_exterior_web-1536x617.jpg 1536w, https://artebotanicabrasil.com.br/wp-content/uploads/2024/05/Galeria_exterior_web-2048x823.jpg 2048w, https://artebotanicabrasil.com.br/wp-content/uploads/2024/05/Galeria_exterior_web-570x229.jpg 570w, https://artebotanicabrasil.com.br/wp-content/uploads/2024/05/Galeria_exterior_web-1110x444.jpg 1110w" sizes="(max-width: 1024px) 100vw, 1024px" />															</div>
				</div>
					</div>
		</div>
				<div class="elementor-column elementor-col-50 elementor-top-column elementor-element elementor-element-74a5de5" data-id="74a5de5" data-element_type="column">
			<div class="elementor-widget-wrap elementor-element-populated">
						<div class="elementor-element elementor-element-371f6d5 elementor-widget elementor-widget-image" data-id="371f6d5" data-element_type="widget" data-widget_type="image.default">
				<div class="elementor-widget-container">
															<img decoding="async" width="1024" height="411" src="https://artebotanicabrasil.com.br/wp-content/uploads/2024/05/Galeria_interior_web-1-1024x411.jpg" class="attachment-large size-large wp-image-132" alt="Galeria vista do interior" srcset="https://artebotanicabrasil.com.br/wp-content/uploads/2024/05/Galeria_interior_web-1-1024x411.jpg 1024w, https://artebotanicabrasil.com.br/wp-content/uploads/2024/05/Galeria_interior_web-1-300x121.jpg 300w, https://artebotanicabrasil.com.br/wp-content/uploads/2024/05/Galeria_interior_web-1-768x308.jpg 768w, https://artebotanicabrasil.com.br/wp-content/uploads/2024/05/Galeria_interior_web-1-1536x617.jpg 1536w, https://artebotanicabrasil.com.br/wp-content/uploads/2024/05/Galeria_interior_web-1-2048x823.jpg 2048w, https://artebotanicabrasil.com.br/wp-content/uploads/2024/05/Galeria_interior_web-1-570x229.jpg 570w, https://artebotanicabrasil.com.br/wp-content/uploads/2024/05/Galeria_interior_web-1-1110x444.jpg 1110w" sizes="(max-width: 1024px) 100vw, 1024px" />															</div>
				</div>
					</div>
		</div>
					</div>
		</section>
				<section class="elementor-section elementor-top-section elementor-element elementor-element-4bbd7dc elementor-section-boxed elementor-section-height-default elementor-section-height-default" data-id="4bbd7dc" data-element_type="section">
						<div class="elementor-container elementor-column-gap-default">
					<div class="elementor-column elementor-col-100 elementor-top-column elementor-element elementor-element-7b36300" data-id="7b36300" data-element_type="column">
			<div class="elementor-widget-wrap elementor-element-populated">
						<div class="elementor-element elementor-element-fef33ef elementor-widget elementor-widget-text-editor" data-id="fef33ef" data-element_type="widget" data-widget_type="text-editor.default">
				<div class="elementor-widget-container">
									<p>A abertura será no dia&nbsp;<strong>16 de maio de 2025, 18hs</strong>.</p>
<p>A exposição permanecerá aberta ao público do dia&nbsp;<strong>16 de maio a 14 de junho de 2025</strong>.</p>
<p><strong>Endereço</strong>:&nbsp;SEPS 706/906, Via W5 Sul &#8211; Asa Sul, Brasília &#8211; DF, 70390-065</p>								</div>
				</div>
					</div>
		</div>
					</div>
		</section>
				</div>

<p>A exposição no Brasil ocorrerá no Centro Cultural Casa Thomas Jefferson, em Brasília.  A Casa Thomas Jefferson é um Centro Cultural Binacional reconhecido pela excelência em sua área de atuação. Foi inaugurado em Brasília em 1963 e apoia atividades de cunho cultural desde então.  Mais informações podem ser encontradas em: https://thomas.org.br A Galeria é um espaço [&hellip;]</p>
